the highest common factor of 294 and 477750?
294
What is the highest common factor of 824941 and 1495?
299
Calculate the highest common factor of 2847 and 73827.
39
Calculate the greatest common divisor of 568 and 250772.
284
Calculate the greatest common factor of 42636 and 44726.
418
What is the highest common divisor of 932578 and 7648?
478
What is the highest common factor of 19357 and 169?
13
What is the highest common divisor of 25400 and 1000?
200
What is the highest common divisor of 910 and 56056?
182
Calculate the greatest common divisor of 4088 and 112.
56
What is the highest common factor of 950 and 310?
10
Calculate the highest common divisor of 114556 and 208.
52
Calculate the greatest common divisor of 875 and 1140375.
125
Calculate the greatest common divisor of 49319 and 596.
149
Calculate the greatest common divisor of 16 and 8732912.
16
What is the highest common divisor of 242272 and 804?
268
What is the highest common divisor of 190 and 101?
1
Calculate the greatest common divisor of 46420 and 7810.
110
What is the greatest common factor of 11630 and 1030?
10
Calculate the highest common factor of 202600 and 650.
50
What is the highest common divisor of 49 and 12061?
7
Calculate the greatest common factor of 58 and 40136.
58
Calculate the highest common factor of 1545 and 16935.
15
Calculate the greatest common divisor of 23 and 140047.
23
Calculate the highest common divisor of 1062488 and 14.
14
What is the highest common divisor of 110 and 257015?
55
What is the greatest common factor of 7460 and 200?
20
What is the highest common divisor of 42243 and 9?
3
Calculate the highest common divisor of 54 and 111654.
18
What is the highest common factor of 457 and 4?
1
What is the greatest common divisor of 29547 and 1323?
441
Calculate the greatest common factor of 48258 and 12256.
766
Calculate the highest common divisor of 1833844 and 174.
58
Calculate the highest common factor of 216516 and 8.
4
Calculate the greatest common divisor of 102087 and 3184.
199
What is the highest common divisor of 147380 and 20?
20
Calculate the highest common factor of 8898699 and 393.
393
What is the greatest common divisor of 1672 and 24376?
88
What is the greatest common factor of 293193 and 288?
9
Calculate the greatest common divisor of 9011828 and 14.
14
What is the highest common divisor of 41366 and 3256?
74
Calculate the greatest common factor of 28 and 1869028.
28
What is the highest common divisor of 8 and 344936?
8
Calculate the greatest common divisor of 52 and 1320566.
26
What is the highest common factor of 13808 and 596333?
863
What is the greatest common factor of 343408 and 508?
508
What is the greatest common divisor of 3315 and 276471?
663
Calculate the greatest common factor of 939781 and 428.
107
Calculate the greatest common factor of 34947 and 8712.
99
What is the greatest common factor of 6206 and 1856?
58
Calculate the highest common divisor of 552 and 79672.
184
Calculate the highest common divisor of 8 and 75496.
8
What is the greatest common divisor of 630 and 1230?
30
Calculate the greatest common divisor of 734978 and 204.
34
Calculate the greatest common divisor of 265430 and 127.
127
What is the highest common divisor of 7215 and 12469?
37
Calculate the greatest common factor of 178 and 5298170.
178
What is the highest common divisor of 17 and 5804463?
17
What is the greatest common factor of 4 and 144227?
1
Calculate the greatest common divisor of 2313 and 2934.
9
Calculate the greatest common divisor of 3696 and 336.
336
What is the greatest common factor of 1610 and 23450?
70
Calculate the highest common factor of 69 and 3132048.
69
What is the highest common factor of 76835 and 53845?
605
Calculate the highest common factor of 29 and 10662285.
29
What is the greatest common divisor of 8370 and 8091?
279
Calculate the greatest common divisor of 13166 and 51302.
454
What is the highest common factor of 67989 and 786?
393
Calculate the greatest common divisor of 1269 and 286136.
47
Calculate the highest common factor of 5895 and 18995.
655
Calculate the highest common divisor of 211 and 353003.
211
Calculate the greatest common factor of 3168 and 14432.
352
What is the greatest common divisor of 1445775 and 150?
75
What is the highest common factor of 508 and 912?
4
Calculate the highest common factor of 117 and 12869298.
117
Calculate the greatest common divisor of 71428 and 56.
28
Calculate the greatest common divisor of 64068 and 399.
57
What is the greatest common factor of 473 and 627?
11
What is the greatest common factor of 127680 and 144?
48
Calculate the highest common divisor of 78 and 294.
6
Calculate the highest common factor of 2975 and 34475.
175
What is the highest common divisor of 123 and 1253657?
41
What is the highest common factor of 855 and 13005?
45
What is the highest common divisor of 9381 and 14101?
59
What is the greatest common divisor of 171288 and 3?
3
What is the highest common divisor of 106038 and 2838?
258
Calculate the highest common factor of 14391 and 11439.
369
What is the greatest common factor of 22990 and 114?
38
Calculate the greatest common factor of 75 and 456.
3
What is the highest common divisor of 80 and 12875?
5
Calculate the highest common factor of 416305 and 7645.
695
Calculate the highest common divisor of 51330 and 81258.
174
Calculate the highest common divisor of 10 and 10662.
2
Calculate the highest common factor of 888 and 732378.
222
What is the greatest common factor of 2275 and 686?
7
What is the greatest common factor of 4 and 61727?
1
Calculate the highest common factor of 115433 and 1958.
89
What is the highest common factor of 1693679 and 741?
247
Calculate the greatest common factor of 3157 and 15211.
287
Calculate the greatest common divisor of 5308384 and 144.
16
What is the greatest common divisor of 2189 and 440?
11
Calculate the greatest common factor of 209520 and 3888.
432
What is the highest common factor of 1 and 57637?
1
What is the greatest common factor of 56 and 8178380?
28
What is the highest common divisor of 5416320 and 364?
364
What is the highest common factor of 58042 and 66?
2
Calculate the greatest common divisor of 145 and 461245.
145
Calculate the highest common factor of 1625 and 1801475.
325
Calculate the greatest common divisor of 14674 and 552.
46
Calculate the greatest common factor of 612619 and 63.
7
What is the highest common factor of 790992 and 12?
12
Calculate the highest common divisor of 440 and 27808.
88
Calculate the highest common factor of 37638 and 135.
27
What is the greatest common factor of 21037 and 109?
109
What is the greatest common divisor of 114240 and 2?
2
Calculate the greatest common factor of 7267 and 817.
43
What is the highest common divisor of 65600 and 164?
164
Calculate the highest common divisor of 392 and 1685404.
196
What is the highest common factor of 12912 and 21936?
48
What is the highest common factor of 3250 and 51675?
325
What is the highest common factor of 10191 and 10836?
129
Calculate the highest common factor of 370 and 1715.
5
Calculate the greatest common divisor of 108240 and 4290.
330
What is the greatest common divisor of 663 and 20319?
39
What is the highest common factor of 53664 and 1548?
516
Calculate the greatest common divisor of 413 and 59531.
59
What is the greatest common divisor of 803387 and 13?
13
Calculate the highest common factor of 7740 and 14400.
180
What is the greatest common divisor of 1359 and 40015?
151
Calculate the greatest common divisor of 84647 and 752.
47
Calculate the greatest common factor of 134409 and 66.
33
What is the highest common divisor of 6528 and 1173?
51
Calculate the highest common divisor of 49152 and 112.
16
Calculate the greatest common divisor of 102 and 23307918.
102
What is the greatest common divisor of 59902 and 122?
122
What is the greatest common factor of 53391 and 3367?
481
Calculate the highest common divisor of 112 and 528752.
112
What is the greatest common factor of 100 and 380425?
25
Calculate the highest common divisor of 8603973 and 21.
21
What is the highest common divisor of 4 and 39934?
2
What is the highest common factor of 38955 and 7560?
105
What is the greatest common factor of 1386868 and 56?
28
